p(5).
-1
Let u(y) be the first derivative of -6 - y**3 + 5/2*y**2 - 7*y. Let b(h) be the first derivative of u(h). Determine b(4).
-19
Let g be 6/(-9) + 49/(-3). Let x(r) = -7*r + 1. Let l(q) be the third derivative of 5*q**4/6 - 2*q**3/3 + 35*q**2. Let i(w) = g*x(w) - 6*l(w). Calculate i(7).
0
Let q(t) be the first derivative of t**4/4 + t**3/3 - t**2/2 - 2*t + 1. Let y be (0 - -7)*(-76)/(-7). Suppose 77*x = y*x. Give q(x).
-2
Let o(m) be the first derivative of -13*m**2/2 + 6*m + 77. Calculate o(4).
-46
Let o = 7 + -14. Let z(g) = 4*g**2 - 7*g - 52*g**3 + 53*g**3 + 2*g**2 - 5 - 1. Give z(o).
-6
Let y(b) = b**2 - b + 11. Let a(u) = -6*u**2 + 4*u - 57. Let s(k) = 2*a(k) + 11*y(k). Calculate s(-5).
-3
Suppose -y = -4*y. Let t(b) = 13*b + 25. Let r(m) = 11*m + 24. Let n(f) = 6*r(f) - 5*t(f). Determine n(y).
19
Let i(z) be the first derivative of -z**3/3 + z**2 - 2*z + 18. What is i(1)?
-1
Suppose 0 = -3*b + 18. Let t = b + -18. Let z be -1 - (-7 - t/4). Let i(k) = -2*k**2 + 3*k + 4. Calculate i(z).
-5
Suppose 2*v - y - 23 = -6*y, y - 7 = -v. Let p = 4 + v. Suppose -4*n = -0*n + p. Let x(f) = f**2 - 2*f - 3. Give x(n).
5
Suppose -2*g + 7*g - 10 = 0. Let x(r) = -3*r - r - r**3 + 4*r**2 + r. Determine x(g).
2
Let y(k) be the third derivative of k**6/120 - 13*k**5/60 + 4*k**4/3 - 5*k**3/2 + 6*k**2. Let o be y(10). Let g(a) = -a**2 + 6*a + 4. Give g(o).
9
Let f(z) = -6*z + 3. Let p be -8 - (-11 + 10) - -9. Give f(p).
-9
Let a(n) = n - 2. Let s(t) = -4*t + 7. Let m be (-12)/(-21) + (-295)/(-35). Let h = m + -13. Let w(z) = h*s(z) - 14*a(z). Give w(-1).
-2
Let n(b) = -9*b**2 - 8*b**2 - 5*b + 3*b - b**3 - 6 + 0*b**3 + 10*b**2. Give n(-5).
-46
Suppose 0 = 2*v + 19*v - 42. Let s(p) = -14 - v*p - 2 - 2*p**2 + 18. Calculate s(2).
-10
Let n(v) = 48*v + 5. Let o(j) = -110*j - 11. Let q(a) = -7*n(a) - 3*o(a). What is q(1)?
-8
Let v be 0 + -3 + 2/2. Let q(x) = x**2 - 2*x**3 - 1 - 7*x**3 - 3*x + 10*x**3. Give q(v).
1
Let q = -223 - -106. Let r = q - -127. Let i(x) = x**2 - 9*x - 13. What is i(r)?
-3
Let m(h) be the second derivative of -h**7/1260 + h**6/180 - h**5/60 + 41*h**4/12 - 5*h. Let p(s) be the third derivative of m(s). Determine p(3).
-8
Let j(z) be the first derivative of 5*z**2/2 - 6*z + 102. Determine j(0).
-6
Let x be (-4)/6*72/16. Let a = -3 - x. Let y(u) be the second derivative of u**3/6 - u**2 + 4*u. Determine y(a).
-2
Let g be (152/14 + -11)/(2/(-14)). Let t(q) = 11*q**3 - 2*q**2 + 2*q - 1. Determine t(g).
10
Let p(o) = -o**3 - 9*o**2 - 5*o + 4. Let s be p(-8). Let t be (-1)/(-2)*0*10/s. Let z(g) = g**2 - g + 12. Determine z(t).
12
Let s be -3*(-2)/(-15)*(-5)/1. Let h(v) be the second derivative of 0 - v**2 - 1/3*v**3 - s*v. Determine h(-4).
6
Let d(c) = c**2 - 6*c - 4. Let y(f) = -f**3 - 14*f**2 - 22. Let k be y(-14). Let g = k - -29. Calculate d(g).
3
Let q(b) = -b**3 - 2*b**2 + 2. Let d be q(-3). Let o = d + -6. Suppose 2*n + a = -9, -o*n + 0*a - a = 21. Let f(h) = h**3 + 2*h**2 - 6*h - 5. Calculate f(n).
-13
Let h(w) be the first derivative of w**3/3 + w**2 + w - 19. Determine h(2).
9
Let z = -25 - -15. Let i(s) = -s**2 - 12*s - 14. Let q be i(z). Let t(h) = 6*h - 3*h - q*h + 5*h - 5. What is t(6)?
7
Let w(q) be the first derivative of q**4/4 - q**3 + q**2 - q - 56. Calculate w(2).
-1
Let i(t) = -t**2 - 11*t - 3. Let o be i(-10). Let h(l) = -12*l + l**2 + o*l + 4*l. Give h(-1).
2
Let x(l) = -l**3 + 2*l**2 + 5*l - 2. Let v be x(3). Let j = -51 + 56. Let k(w) = j*w**2 + 9 - 25 + 10 - w**2 + 5*w - w**3. Determine k(v).
14
Suppose 5*x + 3 = f, -8 = -3*f - 4*x + 20. Suppose f*a - 33 = -25. Let t(i) = i**2 + i. Give t(a).
2
Let g(f) = -22*f + f**2 + 22*f. Let d(w) = -8*w - 28. Let b be d(-4). Give g(b).
16
Let r = 5 - 3. Let c(j) = -1 - j**r - 6*j + 0 + 2. Suppose -27*x = 12*x + 273. Determine c(x).
-6
Suppose -18*g + 29*g = -66. Let j(v) = v**2. What is j(g)?
36
Let r(x) = -10 - 20*x - 57*x + x**2 + 74*x. What is r(10)?
60
Let f(y) = 4*y**2 - 2. Suppose o + 7 = -4*v, 0*v - 2*v = -3*o + 7. Calculate f(v).
14
Let l(a) be the first derivative of -a**4/4 + 2*a**3/3 - 5*a - 23. Let u(z) = -z**3 + 2*z**2 - 4. Let g(c) = -3*l(c) + 4*u(c). Give g(2).
-1
Let k(y) = y**2 + 11*y - 1. Let c be (-100)/9 - (-44)/396. Determine k(c).
-1
Suppose 5*r = 10, -b + 16 = 4*b + 3*r. Let m(g) = 18292 + 3*g**2 - g - 18292. Determine m(b).
10
Let l(z) = -10*z - 28. Let s be l(7). Let p be (-44)/(-7) - (-28)/s. Let n(h) = -h**3 + 7*h**2 - 8*h + 8. What is n(p)?
-4
Let n(y) = -y**3 - 8*y**2 + y + 8. Let h be n(-8). Let m(l) = 4*l - 14. Let i(q) = 5*q - 13. Let j(f) = 3*i(f) - 4*m(f). Give j(h).
17
Let j(q) = -4*q**3 + 2*q**2 + 2*q + 1. Let r = -65 - -66. Suppose 4*d + 11 = -9, r = 4*g - d. Calculate j(g).
5
Let h = -4 + 1. Let g(q) be the third derivative of -q**6/360 - q**5/30 - q**4/6 - 11*q**3/6 + 11*q**2. Let j(l) be the first derivative of g(l). What is j(h)?
-1
Let i(m) = -4*m - m**2 + 0*m**3 - 2 - m**3 - 4*m**2. Let d be (-6)/4 + (-12)/(-8). Suppose -5 = -b - d, 2*s + 18 = 2*b. Give i(s).
-2
Suppose 0 = -78*q + 47*q + 62. Let u(r) = r**3 + r**2 - 3*r - 2. Determine u(q).
4
Suppose -8*s + 3*g = -4*s - 19, -4*s = -4*g - 24. Let r(a) = -15*a**3 - a**2 + 2*a - 1. Determine r(s).
-15
Let y = 599 + -602. Let c(q) = -2*q**2 - 2*q - 1. Calculate c(y).
-13
Let n(t) = -t**2 - 19*t + 2. Let i be n(-19). Suppose i*f - 3*b = 29, -f - 13 + 40 = -4*b. Let r(y) = y**2 - 6*y - 7. Calculate r(f).
0
Let h(x) = x**3 - 2*x**2 + 2*x - 4. Let q(v) = -3*v - 11. Let u be q(-5). Let t be (9/u)/(8/32). Suppose -b = -4*b + t. What is h(b)?
11
Let p(b) be the second derivative of b**3/2 - 81*b. Calculate p(-9).
-27
Let m = 87 - 53. Let q = 38 - m. Let z(h) = h**3 - 5*h**2 + 4*h - 6. Determine z(q).
-6
Let f(k) = k**2 + 5*k - 10. Let r be f(4). Let g(j) = -20 - 2*j - j**2 + 5*j + r. Let n(a) = 2*a - 5. Let v be n(5). Calculate g(v).
-4
Let s(l) = 9 + 2 + 1 + 167*l**2 - 164*l**2 + 5*l. Determine s(-3).
24
Let u(f) = -9*f**3 - 10*f**2 + 6*f + 21. Let s(b) = -4*b**3 - 5*b**2 + 3*b + 10. Let t(n) = 7*s(n) - 3*u(n). Let a be -9 - (0 - -4)/(9/(-9)). Determine t(a).
-8
Let x(h) = -h**2 - 5 + 12 - h**2 - h - 4*h**2 - 4. Let r(f) = 19*f**2 + 4*f - 10. Let g = -19 - -12. Let q(v) = g*x(v) - 2*r(v). Give q(-1).
4
Let v(f) be the first derivative of f**5/60 - f**4/8 + f**3/2 + 7*f**2/2 - 8. Let r(g) be the second derivative of v(g). What is r(2)?
1
Suppose 8 = 5*d - d + 3*y, -5*d + 3*y + 37 = 0. Suppose -2*v + 2*f = 8, 0*v = -3*v + d*f - 8. Let w(q) = 6 - q**3 - 1 + 0 - 2*q**2 - q - 4*q**2. Calculate w(v).
11
Let c = 514 - 518. Let y(a) = -a**3 - 6*a**2 - 5*a - 3. What is y(c)?
-15
Let s(f) be the first derivative of -9*f**2/2 - 6*f - 20. Let p = 9 - 14. Let a(z) = 8*z + 5. Let h(g) = p*s(g) - 6*a(g). Determine h(3).
-9
Let z(u) = -u**2 - 5*u - 1. Suppose g - 12 = -2*j, -g + 13 + 4 = 3*j. Suppose -3*w - 30 = g*w. What is z(w)?
-7
Let k(g) = -4*g**2 + 10*g - 6. Let z(v) = 5*v**2 - 11*v + 6. Let j(d) = 4*k(d) + 3*z(d). Let y be (60/(-50))/((-6)/20) - -2. Calculate j(y).
0
Let a(b) = b**2 + 7*b + 3. Suppose -5*q = -2*q + 5*i - 16, 2*q = 3*i - 21. Give a(q).
-9
Let x = -290 - -294. Let f(h) be the third derivative of 0 - 1/6*h**3 + 0*h + 0*h**x - 1/15*h**5 - 5*h**2. Determine f(-1).
-5
Let b(x) be the third derivative of x**6/12 + x**5/60 - x**4/24 - x**3/6 + x**2. Let w be 1 + -7 - (-60)/12. Calculate b(w).
-9
Let l = 8 + -9. Let q = l + 13. Let d = q + -16. Let b(m) = -4*m - 6. Give b(d).
10
Let i(u) = -7*u**3 - 14 + 8*u**3 + 0*u + 2 + 0*u**3 + 8*u**2 - 7*u. Determine i(-9).
-30
Let q(p) = 3*p + 8. Suppose 10*r - 290 + 330 = 0. Calculate q(r).
-4
Let j(m) = -10*m + 10. Let u = -780 - -785. Calculate j(u).
-40
Let m = -68 + 67. Let j(w) be the second derivative of w**4/3 + w**2/2 - w. What is j(m)?
5
Let c(z) = -z**3 + z**2 - z + 5. Let t(x) = -x**2 - 13*x - 30. Let d be t(-3). Calculate c(d).
5
Let d(k) be the third derivative of -k**6/120 + k**5/60 + k**3 - 52*k**2. Suppose 0 = -5*l - 2*w - 53, w + 0 = -3*l - 32. Let j = -11 - l. Calculate d(j).
6
Suppose -8*t + 13*t - 90 = 0. Let p be (9/t)/(3/(-6)). Let x(j) = 18*j + 1. Determine x(p).
-17
Let x(j) be the second derivative of 2*j**3/3 + j**2 + 2*j. Suppose -55 = 22*p - 11. Give x(p).
-6
Let a = -673 - -2020/3. Let h(z) be the third derivative of -1/12